5, 7, 11, 2017
What are the prime factors of 5647424?
2, 88241
List the prime factors of 1301375.
5, 29, 359
What are the prime factors of 300774?
2, 3, 50129
List the prime factors of 1254645.
3, 5, 7, 569
What are the prime factors of 17141136?
2, 3, 357107
What are the prime factors of 75742?
2, 37871
What are the prime factors of 89696?
2, 2803
List the prime factors of 57273.
3, 17, 1123
List the prime factors of 1379772.
2, 3, 38327
What are the prime factors of 3569173?
41, 263, 331
List the prime factors of 7108882.
2, 11, 323131
List the prime factors of 1964929.
47, 97, 431
What are the prime factors of 1162213?
13, 23
What are the prime factors of 5359799?
67, 79997
List the prime factors of 1043850.
2, 3, 5, 6959
What are the prime factors of 4168484?
2, 1042121
What are the prime factors of 2640235?
5, 13, 151, 269
List the prime factors of 6082808.
2, 29, 157, 167
What are the prime factors of 2679692?
2, 669923
What are the prime factors of 2807291?
443, 6337
List the prime factors of 10094828.
2, 2523707
List the prime factors of 12508866.
2, 3, 439, 1583
What are the prime factors of 646998?
2, 3, 11, 9803
What are the prime factors of 7292531?
7292531
What are the prime factors of 316000?
2, 5, 79
List the prime factors of 1346135.
5, 7, 38461
What are the prime factors of 3458520?
2, 3, 5, 13, 739
What are the prime factors of 226334?
2, 113167
What are the prime factors of 512999?
512999
List the prime factors of 8627249.
149, 57901
What are the prime factors of 35921?
17, 2113
What are the prime factors of 1849085?
5, 7, 23, 2297
List the prime factors of 271135.
5, 211, 257
List the prime factors of 679207.
679207
What are the prime factors of 517451?
11, 47041
What are the prime factors of 201917?
23, 8779
List the prime factors of 5210976.
2, 3, 17, 31, 103
List the prime factors of 11706777.
3, 449, 2897
List the prime factors of 127066.
2, 63533
List the prime factors of 541710.
2, 3, 5, 13, 463
List the prime factors of 3199256.
2, 113, 3539
List the prime factors of 36044998.
2, 11, 17, 96377
List the prime factors of 173989.
257, 677
List the prime factors of 220951.
19, 29, 401
List the prime factors of 25088528.
2, 1568033
List the prime factors of 368649.
3, 40961
List the prime factors of 1978068.
2, 3, 164839
What are the prime factors of 3881888?
2, 121309
List the prime factors of 3498058.
2, 1749029
List the prime factors of 120416.
2, 53, 71
List the prime factors of 16179010.
2, 5, 41, 39461
List the prime factors of 63773.
63773
List the prime factors of 249839.
229, 1091
What are the prime factors of 433519?
89, 4871
What are the prime factors of 767869?
767869
What are the prime factors of 84928?
2, 1327
What are the prime factors of 535661?
7, 59, 1297
What are the prime factors of 39512?
2, 11, 449
What are the prime factors of 897826?
2, 19, 23627
What are the prime factors of 2560570?
2, 5, 256057
What are the prime factors of 5228271?
3, 580919
What are the prime factors of 45296?
2, 19, 149
List the prime factors of 4123885.
5, 824777
List the prime factors of 1166079.
3, 388693
List the prime factors of 38886.
2, 3, 6481
What are the prime factors of 4169471?
17, 59, 4157
List the prime factors of 4595304.
2, 3, 7, 17, 1609
List the prime factors of 5302736.
2, 31, 10691
List the prime factors of 22709250.
2, 3, 5, 10093
List the prime factors of 503534.
2, 223, 1129
List the prime factors of 2049016.
2, 41, 6247
What are the prime factors of 9846671?
1289, 7639
List the prime factors of 916469.
916469
What are the prime factors of 7127675?
5, 17, 31, 541
List the prime factors of 225796.
2, 19, 2971
What are the prime factors of 88156?
2, 22039
What are the prime factors of 1729518?
2, 3, 7, 41179
What are the prime factors of 8916282?
2, 3, 19, 29, 31
What are the prime factors of 7978862?
2, 3989431
What are the prime factors of 7302162?
2, 3, 7, 173861
List the prime factors of 1071060.
2, 3, 5, 17851
List the prime factors of 215579.
7, 13, 23, 103
What are the prime factors of 6849424?
2, 19, 22531
List the prime factors of 229143.
3, 17, 4493
What are the prime factors of 371834?
2, 185917
List the prime factors of 18340859.
18340859
List the prime factors of 12291765.
3, 5, 17, 19, 43, 59
List the prime factors of 668497.
109, 6133
List the prime factors of 442872.
2, 3, 6151
What are the prime factors of 13471279?
101, 133379
What are the prime factors of 519220?
2, 5, 13, 1997
What are the prime factors of 756880?
2, 5, 9461
List the prime factors of 151835.
5, 30367
What are the prime factors of 13160839?
17, 157, 4931
What are the prime factors of 1030489?
17, 60617
List the prime factors of 6930147.
3, 7, 331, 997
What are the prime factors of 2811991?
7, 13, 2377
List the prime factors of 5765191.
5765191
List the prime factors of 254181.
3, 193, 439
What are the prime factors of 13775914?
2, 37, 186161
List the prime factors of 106936.
2, 13367
List the prime factors of 15724926.
2, 3, 7, 37, 3373
List the prime factors of 12517127.
7, 673, 2657
List the prime factors of 19656409.
769, 25561
List the prime factors of 4034485.
5, 7, 13, 8867
List the prime factors of 13831931.
17, 137, 5939
What are the prime factors of 764586?
2, 3, 14159
List the prime factors of 1623695.
5, 127, 2557
List the prime factors of 3923689.
7, 11, 50957
List the prime factors of 503861.
19, 23, 1153
List the prime factors of 6087091.
239, 25469
List the prime factors of 31180004.
2, 1987, 3923
What are the prime factors of 3149653?
13, 18637
What are the prime factors of 295624?
2, 7, 5279
What are the prime factors of 170273?
41, 4153
What are the prime factors of 1497516?
2, 3, 124793
What are the prime factors of 171530?
2, 5, 17, 1009
What are the prime factors of 169362?
2, 3, 97
What are the prime factors of 17732691?
3, 199, 9901
List the prime factors of 3600797.
131, 27487
List the prime factors of 348033.
3, 7, 16573
What are the prime factors of 16825038?
2, 3, 97, 28909
What are the prime factors of 5588502?
2, 3, 931417
What are the prime factors of 41255347?
7, 5893621
List the prime factors of 4814987.
4814987
List the prime factors of 2287878.
2, 3, 367, 1039
What are the prime factors of 199582?
2, 73, 1367
List the prime factors of 251779.
11, 47, 487
List the prime factors of 485302.
2, 167, 1453
What are the prime factors of 927217?
29, 31973
What are the prime factors of 10928532?
2, 3, 910711
List the prime factors of 375327.
3, 13901
What are the prime factors of 3949671?
3, 11, 119687
List the prime factors of 9228388.
2, 13, 103, 1723
What are the prime factors of 5765120?
2, 5, 563
What are the prime factors of 523437?
3, 149, 1171
What are the prime factors of 1964840?
2, 5, 49121
What are the prime factors of 197556?
2, 3, 101, 163
List the prime factors of 11370786.
2, 3, 7, 23, 79, 149
What are the prime factors of 422097?
3, 13, 79, 137
List the prime factors of 4159547.
7, 47, 269
List the prime factors of 36920040.
2, 3, 5, 19, 16193
List the prime factors of 923700.
2, 3, 5, 3079
What are the prime factors of 215492?
2, 17, 3169
What are the prime factors of 27089496?
2, 3, 7, 59, 911
List the prime factors of 484402.
2, 242201
List the prime factors of 238066.
2, 119033
List the prime factors of 991433.
61, 16253
What are the prime factors of 640553?
31, 20663
List the prime factors of 2377005.
3, 5, 107, 1481
List the prime factors of 42870.
2, 3, 5, 1429
What are the prime factors of 3839449?
3839449
List the prime factors of 3859230.
2, 3, 5, 197, 653
What are the prime factors of 1929179?
7, 39371
List the prime factors of 1034491.
1034491
List the prime factors of 103651.
103651
What are the prime factors of 5383258?
2, 409, 6581
List the prime factors of 24224263.
7, 3460609
What are the prime factors of 427548?
2, 3, 11, 41, 79
List the prime factors of 1691068.
2, 569, 743
List the prime factors of 859498.
2, 313, 1373
What are the prime factors of 9663767?
683, 14149
List the prime factors of 1658723.
11, 101, 1493
What are the prime factors of 1152573?
3, 163, 2357
List the prime factors of 2945824.
2, 7, 13151
List the prime factors of 583583.
7, 11, 13, 53
What are the prime factors of 2591234?
2, 1295617
What are the prime factors of 8332056?
2, 3, 